ded by 94275.
143
Calculate the remainder when 24055530 is divided by 812.
30
Calculate the remainder when 203339 is divided by 50801.
135
Calculate the remainder when 73609797 is divided by 122.
121
Calculate the remainder when 809522 is divided by 5091.
53
Calculate the remainder when 40782 is divided by 159.
78
Calculate the remainder when 83537170 is divided by 273.
262
Calculate the remainder when 606938 is divided by 431.
90
What is the remainder when 271770 is divided by 18117?
15
What is the remainder when 5116358 is divided by 262?
22
What is the remainder when 30981 is divided by 983?
508
Calculate the remainder when 527311 is divided by 486.
1
What is the remainder when 90984 is divided by 4757?
601
What is the remainder when 4882483 is divided by 7?
4
What is the remainder when 70410551 is divided by 64?
55
Calculate the remainder when 219557 is divided by 219458.
99
What is the remainder when 130354378 is divided by 4030?
4028
Calculate the remainder when 158719 is divided by 850.
619
Calculate the remainder when 10176059 is divided by 535582.
1
What is the remainder when 925458 is divided by 2173?
1933
What is the remainder when 1080685 is divided by 3002?
2967
Calculate the remainder when 14115703 is divided by 3528896.
119
Calculate the remainder when 114575622 is divided by 41543.
28
Calculate the remainder when 2817598 is divided by 35.
28
Calculate the remainder when 14033 is divided by 12371.
1662
What is the remainder when 556795 is divided by 15908?
15
Calculate the remainder when 877059 is divided by 381.
378
What is the remainder when 7208424 is divided by 5933?
5762
Calculate the remainder when 2333192 is divided by 388810.
332
What is the remainder when 12001946 is divided by 2503?
61
Calculate the remainder when 21773040 is divided by 4196.
4192
Calculate the remainder when 2667600 is divided by 244.
192
What is the remainder when 285741 is divided by 342?
171
What is the remainder when 2605046 is divided by 5416?
5366
What is the remainder when 6268823 is divided by 113978?
33
Calculate the remainder when 43549135 is divided by 4838789.
34
What is the remainder when 1371931 is divided by 15769?
28
Calculate the remainder when 22105558 is divided by 5671.
0
Calculate the remainder when 9551429 is divided by 868311.
8
What is the remainder when 2716347 is divided by 3783?
153
Calculate the remainder when 63174128 is divided by 441.
437
Calculate the remainder when 86989 is divided by 673.
172
Calculate the remainder when 713945699 is divided by 156.
155
Calculate the remainder when 1588057 is divided by 794008.
41
Calculate the remainder when 506488 is divided by 146.
14
Calculate the remainder when 332441 is divided by 3255.
431
Calculate the remainder when 97881521 is divided by 13.
10
What is the remainder when 1033760 is divided by 455?
0
Calculate the remainder when 1466595 is divided by 1112.
979
Calculate the remainder when 11557268 is divided by 3096.
2996
What is the remainder when 54236 is divided by 2461?
94
Calculate the remainder when 78162639 is divided by 196.
191
Calculate the remainder when 12937405 is divided by 1504.
1501
Calculate the remainder when 158443 is divided by 15807.
373
Calculate the remainder when 11567242 is divided by 616.
610
Calculate the remainder when 66411 is divided by 329.
282
Calculate the remainder when 1583649 is divided by 1109.
1106
Calculate the remainder when 134950849 is divided by 91183.
9
Calculate the remainder when 35907 is divided by 131.
13
Calculate the remainder when 214027 is divided by 12.
7
What is the remainder when 371512 is divided by 27674?
11750
Calculate the remainder when 729016 is divided by 348.
304
Calculate the remainder when 427813 is divided by 285.
28
What is the remainder when 259624 is divided by 157?
103
What is the remainder when 57364 is divided by 11099?
1869
Calculate the remainder when 14219122 is divided by 3186.
4
What is the remainder when 166146 is divided by 41414?
490
Calculate the remainder when 28300 is divided by 1768.
12
Calculate the remainder when 2653128 is divided by 70.
58
What is the remainder when 612633 is divided by 34034?
21
What is the remainder when 2299460 is divided by 3807?
32
What is the remainder when 59407 is divided by 2715?
2392
Calculate the remainder when 10542920 is divided by 214.
210
Calculate the remainder when 4225360 is divided by 31.
29
What is the remainder when 20352279 is divided by 6784071?
66
What is the remainder when 38171 is divided by 7136?
2491
Calculate the remainder when 16645392 is divided by 49.
43
What is the remainder when 119057333 is divided by 11905733?
3
What is the remainder when 3157916 is divided by 9021?
566
What is the remainder when 514611 is divided by 64?
51
What is the remainder when 1185119 is divided by 237000?
119
What is the remainder when 617680 is divided by 687?
67
Calculate the remainder when 10818339 is divided by 611.
584
Calculate the remainder when 3663 is divided by 3553.
110
Calculate the remainder when 852986 is divided by 90.
56
What is the remainder when 1188360 is divided by 1188262?
98
What is the remainder when 534435 is divided by 3088?
211
Calculate the remainder when 308458 is divided by 566.
554
Calculate the remainder when 3385749 is divided by 17542.
143
Calculate the remainder when 5999956 is divided by 4451.
8
Calculate the remainder when 40558970 is divided by 648.
2
What is the remainder when 151192 is divided by 88?
8
What is the remainder when 284257 is divided by 2944?
1633
What is the remainder when 49349 is divided by 2916?
2693
Calculate the remainder when 971392 is divided by 485047.
1298
Calculate the remainder when 21698155 is divided by 373.
372
What is the remainder when 166340 is divided by 23?
4
What is the remainder when 914471 is divided by 505?
421
What is the remainder when 1275743 is divided by 1164?
1163
What is the remainder when 19526219 is divided by 299?
24
Calculate the remainder when 884411 is divided by 221086.
67
What is the remainder when 25279585 is divided by 163094?
15
Calculate the remainder when 190492 is divided by 135.
7
What is the remainder when 1258464 is divided by 36924?
3048
Calculate the remainder when 38445690 is divided by 96.
90
What is the remainder when 323108 is divided by 308?
16
What is the remainder when 3558097 is divided by 34212?
49
Calculate the remainder when 2392449 is divided by 286.
59
What is the remainder when 354211 is divided by 1150?
11
Calculate the remainder when 143756 is divided by 1073.
1047
What is the remainder when 35717629 is divided by 130?
129
What is the remainder when 21054 is divided by 20637?
417
Calculate the remainder when 3276851 is divided by 204803.
3
Calculate the remainder when 9518648 is divided by 6193.
7
Calculate the remainder when 4093738 is divided by 49.
33
Calculate the remainder when 2661340 is divided by 1109.
849
What is the remainder when 55275 is divided by 222?
219
What is the remainder when 22962 is divided by 7647?
21
What is the remainder when 138109732 is divided by 47?
44
What is the remainder when 30406 is divided by 405?
31
What is the remainder when 4581620 is divided by 352370?
810
What is the remainder when 1626257 is divided by 95651?
190
Calculate the remainder when 1391908 is divided by 27.
4
Calculate the remainder when 229542 is divided by 1984.
1382
What is the remainder when 154708470 is divided by 31?
25
Calculate the remainder when 301350 is divided by 4185.
30
Calculate the remainder when 40036 is divided by 310.
46
What is the remainder when 20221 is divided by 43?
11
Calculate the remainder when 1491357 is divided by 114700.
257
Calculate the remainder when 9067442 is divided by 27.
5
What is the remainder when 393749 is divided by 75?
74
Calculate the remainder when 832714 is divided by 1035.
574
Calculate the remainder when 121200 is divided by 6058.
40
Calculate the remainder when 2248564006 is divided by 17.
16
Calculate the remainder when 28683649 is divided by 100.
49
Calculate the remainder when 59446261 is divided by 111.
100
What is the remainder when 5711133 is divided by 984?
981
What is the remainder when 189845 is divided by 62612?
2009
Calculate the remainder when 1841319 is divided by 1319.
1314
Calcul